 a factor of 2466695?
True
Is 71 a factor of 720169?
False
Is 1275 a factor of 14177022?
False
Is 30 a factor of 4800?
True
Does 44 divide 8536?
True
Is 1212384 a multiple of 438?
True
Is 3 a factor of 1377055?
False
Does 93 divide 2435714?
False
Is 132 a factor of 133877?
False
Does 6 divide 1057288?
False
Is 20 a factor of 43628?
False
Is 621682 a multiple of 6?
False
Is 1365821 a multiple of 66?
False
Does 511 divide 4139841?
False
Is 5731024 a multiple of 118?
True
Is 16 a factor of 4152?
False
Is 86058 a multiple of 30?
False
Is 155 a factor of 2565715?
True
Is 105 a factor of 20956635?
True
Is 9 a factor of 118627?
False
Does 207 divide 78867?
True
Is 313380 a multiple of 28?
False
Does 226 divide 11199882?
True
Is 3908600 a multiple of 13?
False
Is 44066 a multiple of 11?
True
Does 86 divide 112961?
False
Is 171801 a multiple of 27?
True
Is 728220 a multiple of 30?
True
Is 9 a factor of 142288?
False
Is 8183945 a multiple of 7?
True
Is 701128 a multiple of 5?
False
Is 31001 a multiple of 25?
False
Is 15614467 a multiple of 11?
True
Does 70 divide 122850?
True
Is 208 a factor of 121782?
False
Does 455 divide 3286010?
True
Does 317 divide 150978?
False
Does 62 divide 581539?
False
Does 8 divide 105037?
False
Is 13108 a multiple of 44?
False
Is 100776 a multiple of 26?
True
Is 3555728 a multiple of 454?
True
Is 318660 a multiple of 141?
True
Is 62 a factor of 10788?
True
Does 126 divide 8636412?
False
Is 496 a factor of 13392?
True
Is 3652470 a multiple of 6?
True
Is 138548 a multiple of 6?
False
Is 7 a factor of 607187?
True
Is 864157 a multiple of 287?
True
Is 223 a factor of 2415313?
True
Is 13797 a multiple of 21?
True
Is 29489 a multiple of 2?
False
Is 62 a factor of 331328?
True
Is 257 a factor of 35209?
True
Is 829 a factor of 15446948?
False
Does 146 divide 1676664?
True
Does 461 divide 75143?
True
Is 52 a factor of 28797?
False
Does 145 divide 6972760?
True
Is 34 a factor of 313521?
False
Is 1170357 a multiple of 16?
False
Is 261312 a multiple of 22?
False
Does 262 divide 870364?
True
Does 371 divide 687834?
True
Is 278040 a multiple of 28?
True
Is 187 a factor of 2045593?
True
Does 356 divide 112496?
True
Is 116 a factor of 47212?
True
Does 12 divide 4809804?
True
Is 68 a factor of 661265?
False
Is 3598200 a multiple of 36?
True
Does 23 divide 1783360?
False
Does 78 divide 192348?
True
Is 8 a factor of 17694?
False
Is 4633968 a multiple of 87?
True
Is 19 a factor of 1302314?
False
Does 231 divide 83448?
False
Is 3718907 a multiple of 18?
False
Does 23 divide 39703?
False
Is 10692075 a multiple of 116?
False
Is 8 a factor of 28656?
True
Is 133560 a multiple of 210?
True
Is 233605 a multiple of 29?
False
Is 133 a factor of 3242407?
True
Does 13 divide 682567?
False
Is 56 a factor of 508045?
False
Is 466 a factor of 312686?
True
Is 93 a factor of 7171416?
True
Is 44689 a multiple of 23?
True
Is 34771 a multiple of 52?
False
Does 29 divide 224194?
False
Is 27 a factor of 62952?
False
Does 423 divide 607707?
False
Is 74 a factor of 691200?
False
Is 254591 a multiple of 14?
False
Does 41 divide 29971?
True
Does 8 divide 248496?
True
Is 112 a factor of 92653?
False
Does 501 divide 220632?
False
Is 3003455 a multiple of 533?
True
Is 632 a factor of 853832?
True
Is 1965671 a multiple of 66?
False
Is 4747464 a multiple of 837?
True
Is 3 a factor of 274167?
True
Does 271 divide 1985804?
False
Is 12150013 a multiple of 211?
True
Is 174454 a multiple of 3?
False
Is 55 a factor of 83105?
True
Does 185 divide 1186508?
False
Is 633 a factor of 229143?
False
Is 75 a factor of 84300?
True
Is 17 a factor of 1537072?
True
Is 26 a factor of 654474?
False
Is 33 a factor of 7102128?
True
Is 5178624 a multiple of 1226?
True
Is 50523 a multiple of 11?
True
Is 2767 a factor of 8279119?
False
Is 4 a factor of 47136?
True
Does 20 divide 80140?
True
Is 22 a factor of 1479495?
False
Is 343508 a multiple of 37?
True
Does 105 divide 214463?
False
Is 481900 a multiple of 395?
True
Is 136671 a multiple of 2?
False
Does 250 divide 952000?
True
Is 369 a factor of 4711803?
False
Does 342 divide 133359?
False
Is 344470 a multiple of 35?
True
Is 10 a factor of 1637931?
False
Does 573 divide 1487480?
False
Is 7 a factor of 4391669?
False
Is 1858731 a multiple of 10?
False
Does 6 divide 55194?
True
Does 4 divide 50248?
True
Is 202 a factor of 2145038?
True
Is 1292625 a multiple of 75?
True
Is 788327 a multiple of 829?
False
Does 34 divide 3050404?
False
Does 56 divide 21504?
True
Does 34 divide 129880?
True
Is 1011 a factor of 10967781?
False
Does 12 divide 2545150?
False
Does 634 divide 1512968?
False
Is 43 a factor of 3317432?
False
Is 48386 a multiple of 130?
False
Is 46 a factor of 538042?
False
Is 360 a factor of 8620717?
False
Does 6 divide 144108?
True
Is 45831 a multiple of 67?
False
Is 135 a factor of 4590?
True
Is 3 a factor of 125231?
False
Is 158 a factor of 575120?
True
Does 658 divide 192794?
True
Is 56 a factor of 1748320?
True
Is 1013 a factor of 2231639?
True
Does 251 divide 895917?
False
Is 321999 a multiple of 181?
True
Is 160 a factor of 373760?
True
Is 11608696 a multiple of 583?
True
Does 118 divide 719564?
True
Does 19 divide 7103872?
True
Is 3073048 a multiple of 47?
True
Is 349 a factor of 338530?
True
Is 333024 a multiple of 11?
False
Is 100 a factor of 157840?
False
Is 201069 a multiple of 33?
True
Is 34 a factor of 3397008?
True
Is 265848 a multiple of 53?
True
Does 56 divide 56055?
False
Is 58 a factor of 2209065?
False
Does 5 divide 4333420?
True
Is 3718053 a multiple of 51?
True
Is 2315560 a multiple of 13?
True
Is 101 a factor of 4646?
True
Is 4 a factor of 34892?
True
Does 576 divide 4095360?
True
Is 32 a factor of 431265?
False
Is 198 a factor of 17274127?
False
Is 29610 a multiple of 30?
True
Is 169 a factor of 287469?
True
Does 185 divide 1904760?
True
Is 50 a factor of 7141?
False
Is 33 a factor of 500214?
True
Does 322 divide 109480?
True
Does 22 divide 70680?
False
Is 1180257 a multiple of 53?
True
Is 36 a factor of 351801?
False
Is 491568 a multiple of 399?
True
Is 15 a factor of 846675?
True
Is 4733 a multiple of 2?
False
Is 112 a factor of 15458602?
False
Is 4985986 a multiple of 46?
True
Does 42 divide 513888?
False
Is 536319 a multiple of 7?
True
Does 18 divide 140958?
True
Is 999504 a multiple of 14?
False
Is 9391605 a multiple of 7?
False
Does 151 divide 461154?
True
Is 13 a factor of 155885?
False
Is 113 a factor of 1226751?
False
Is 33 a factor of 45309?
True
Does 342 divide 314528?
False
Is 637 a factor of 356083?
True
Is 26 a factor of 135798?
True
Is 116424 a multiple of 72?
True
Is 138 a factor of 2560823?
False
Does 423 divide 8925323?
False
Is 504172 a multiple of 523?
True
Is 1060990 a multiple of 161?
True
Is 17 a factor of 9074944?
False
Does 29 divide 98194?
True
Is 7 a factor of 2539946?
False
Is 144382 a multiple of 13?
False
Is 210 a factor of 45150?
True
Is 66 a factor of 79662?
True
Is 441 a factor of 3601567?
False
Is 59 a factor of 110341?
False
Is 200 a factor of 583200?
True
Is 4266737 a multiple of 325?
False
Does 19 divide 11730308?
False
Is 460326 a multiple of 39?
False
Is 12 a factor of 3889074?
False
Does 433 divide 370648?
True
Does 159 divide 19073?
False
Does 4 divide 130566?
False
Does 76 divide 89908?
True
Is 17745 a multiple of 70?
False
Is 28 a factor of 50294?
False
Is 376 a factor of 3128368?
False
Is 7 a factor of 4026691?
False
Is 21 a factor of 320313?
True
Is 11 a factor of 1076159?
False
Is 219808 a multiple of 242?
False
Is 1029 a factor of 303555?
True
Is 22 a factor of 1976326?
True
Is 363 a factor of 6224678?
False
Is 1375637 a multiple of 84?
False
Does 348 divide 9741216?
True
Does 310 divide 221960?
True
Does 13 divide 5926510?
False
Is 1652 a factor of 4880008?
True
Is 93 a factor of 317967?
True
Does 61 divide 198128?
True
Is 387 a factor of 529616?
False
Does 53 divide 2338572?
True
Is 258795 a multiple of 444?
False
Is 9 a factor of 59976?
True
Is 2179084 a multiple of 17?
False
Does 202 divide 3755221?
False
Is 8747438 a multiple of 742?
True
Is 7 a factor of 71437?
False
Does 225 divide 7373700?
True
Is 46 a factor of 4499826?
False
Is 203813 a multiple of 203?
False
Is 6026577 a multiple of 87?
True
Is 195643 a multiple of 19?
True
Does 671 divide 16378439?
True
Is 